[INFO] cloning repository https://github.com/llamicron/wheres_my_pi
[INFO] running `Command { std: "git" "-c" "credential.helper=" "-c" "credential.helper=/workspace/cargo-home/bin/git-credential-null" "clone" "--bare" "https://github.com/llamicron/wheres_my_pi" "/workspace/cache/git-repos/https%3A%2F%2Fgithub.com%2Fllamicron%2Fwheres_my_pi", kill_on_drop: false }`
[INFO] [stderr] Cloning into bare repository '/workspace/cache/git-repos/https%3A%2F%2Fgithub.com%2Fllamicron%2Fwheres_my_pi'...
[INFO] running `Command { std: "git" "rev-parse" "HEAD", kill_on_drop: false }`
[INFO] [stdout] 4541837a5e2c0557b58aab026d54a67728bc235c
[INFO] checking llamicron/wheres_my_pi against master#cfbc6d4cf1acbac5c025acf8ed68929caa551df3 for pr-75494-beta
[INFO] running `Command { std: "git" "clone" "/workspace/cache/git-repos/https%3A%2F%2Fgithub.com%2Fllamicron%2Fwheres_my_pi" "/workspace/builds/worker-6/source", kill_on_drop: false }`
[INFO] [stderr] Cloning into '/workspace/builds/worker-6/source'...
[INFO] [stderr] done.
[INFO] validating manifest of git repo https://github.com/llamicron/wheres_my_pi on toolchain cfbc6d4cf1acbac5c025acf8ed68929caa551df3
[INFO] running `Command { std: "/workspace/cargo-home/bin/cargo" "+cfbc6d4cf1acbac5c025acf8ed68929caa551df3" "read-manifest" "--manifest-path" "Cargo.toml", kill_on_drop: false }`
[INFO] started tweaking git repo https://github.com/llamicron/wheres_my_pi
[INFO] finished tweaking git repo https://github.com/llamicron/wheres_my_pi
[INFO] tweaked toml for git repo https://github.com/llamicron/wheres_my_pi written to /workspace/builds/worker-6/source/Cargo.toml
[INFO] crate git repo https://github.com/llamicron/wheres_my_pi already has a lockfile, it will not be regenerated
[INFO] running `Command { std: "/workspace/cargo-home/bin/cargo" "+cfbc6d4cf1acbac5c025acf8ed68929caa551df3" "fetch" "--locked" "--manifest-path" "Cargo.toml", kill_on_drop: false }`
[INFO] [stderr] error: the lock file /workspace/builds/worker-6/source/Cargo.lock needs to be updated but --locked was passed to prevent this
[INFO] [stderr] If you want to try to generate the lock file without accessing the network, use the --offline flag.
[INFO] the lockfile is outdated, regenerating it
[INFO] running `Command { std: "/workspace/cargo-home/bin/cargo" "+cfbc6d4cf1acbac5c025acf8ed68929caa551df3" "generate-lockfile" "--manifest-path" "Cargo.toml" "-Zno-index-update", kill_on_drop: false }`
[INFO] running `Command { std: "/workspace/cargo-home/bin/cargo" "+cfbc6d4cf1acbac5c025acf8ed68929caa551df3" "fetch" "--locked" "--manifest-path" "Cargo.toml", kill_on_drop: false }`
[INFO] [stderr]  Downloading crates ...
[INFO] [stderr]   Downloaded pnet_sys v0.22.0
[INFO] [stderr]   Downloaded ipnetwork v0.14.0
[INFO] [stderr]   Downloaded pnet_macros_support v0.22.0
[INFO] [stderr]   Downloaded pnet_datalink v0.22.0
[INFO] [stderr]   Downloaded pnet v0.22.0
[INFO] [stderr]   Downloaded pnet_base v0.22.0
[INFO] [stderr]   Downloaded pnet_transport v0.22.0
[INFO] [stderr]   Downloaded pnet_macros v0.26.0
[INFO] [stderr]   Downloaded pnet_packet v0.22.0
[INFO] running `Command { std: "docker" "create" "-v" "/var/lib/crater-agent-workspace/builds/worker-6/target:/opt/rustwide/target:rw,Z" "-v" "/var/lib/crater-agent-workspace/builds/worker-6/source:/opt/rustwide/workdir:ro,Z" "-v" "/var/lib/crater-agent-workspace/cargo-home:/opt/rustwide/cargo-home:ro,Z" "-v" "/var/lib/crater-agent-workspace/rustup-home:/opt/rustwide/rustup-home:ro,Z" "-e" "SOURCE_DIR=/opt/rustwide/workdir" "-e" "CARGO_TARGET_DIR=/opt/rustwide/target" "-e" "CARGO_HOME=/opt/rustwide/cargo-home" "-e" "RUSTUP_HOME=/opt/rustwide/rustup-home" "-w" "/opt/rustwide/workdir" "-m" "1610612736" "--user" "0:0" "--network" "none" "rustops/crates-build-env@sha256:a636fd89d022f18117e1dc8fb37a0a009933cdbbe082814857f0e2024962d47c" "/opt/rustwide/cargo-home/bin/cargo" "+cfbc6d4cf1acbac5c025acf8ed68929caa551df3" "metadata" "--no-deps" "--format-version=1", kill_on_drop: false }`
[INFO] [stdout] 0c601fd014ae90775fd3ef6e83bdb6591f04980db2caa2bd2cf10ab21c68ae6e
[INFO] [stderr] WARNING: Your kernel does not support swap limit capabilities or the cgroup is not mounted. Memory limited without swap.
[INFO] running `Command { std: "docker" "start" "-a" "0c601fd014ae90775fd3ef6e83bdb6591f04980db2caa2bd2cf10ab21c68ae6e", kill_on_drop: false }`
[INFO] running `Command { std: "docker" "inspect" "0c601fd014ae90775fd3ef6e83bdb6591f04980db2caa2bd2cf10ab21c68ae6e", kill_on_drop: false }`
[INFO] running `Command { std: "docker" "rm" "-f" "0c601fd014ae90775fd3ef6e83bdb6591f04980db2caa2bd2cf10ab21c68ae6e", kill_on_drop: false }`
[INFO] [stdout] 0c601fd014ae90775fd3ef6e83bdb6591f04980db2caa2bd2cf10ab21c68ae6e
[INFO] running `Command { std: "docker" "create" "-v" "/var/lib/crater-agent-workspace/builds/worker-6/target:/opt/rustwide/target:rw,Z" "-v" "/var/lib/crater-agent-workspace/builds/worker-6/source:/opt/rustwide/workdir:ro,Z" "-v" "/var/lib/crater-agent-workspace/cargo-home:/opt/rustwide/cargo-home:ro,Z" "-v" "/var/lib/crater-agent-workspace/rustup-home:/opt/rustwide/rustup-home:ro,Z" "-e" "SOURCE_DIR=/opt/rustwide/workdir" "-e" "CARGO_TARGET_DIR=/opt/rustwide/target" "-e" "CARGO_INCREMENTAL=0" "-e" "RUST_BACKTRACE=full" "-e" "RUSTFLAGS=--cap-lints=forbid" "-e" "CARGO_HOME=/opt/rustwide/cargo-home" "-e" "RUSTUP_HOME=/opt/rustwide/rustup-home" "-w" "/opt/rustwide/workdir" "-m" "1610612736" "--user" "0:0" "--network" "none" "rustops/crates-build-env@sha256:a636fd89d022f18117e1dc8fb37a0a009933cdbbe082814857f0e2024962d47c" "/opt/rustwide/cargo-home/bin/cargo" "+cfbc6d4cf1acbac5c025acf8ed68929caa551df3" "check" "--frozen" "--all" "--all-targets" "--message-format=json", kill_on_drop: false }`
[INFO] [stderr] WARNING: Your kernel does not support swap limit capabilities or the cgroup is not mounted. Memory limited without swap.
[INFO] [stdout] f75266e2d8e9322791baa7d5a6c5e1646734ca1785becec1ada2657358396770
[INFO] running `Command { std: "docker" "start" "-a" "f75266e2d8e9322791baa7d5a6c5e1646734ca1785becec1ada2657358396770", kill_on_drop: false }`
[INFO] [stderr]     Checking futures v0.1.29
[INFO] [stderr]    Compiling semver-parser v0.7.0
[INFO] [stderr]    Compiling proc-macro2 v1.0.19
[INFO] [stderr]    Compiling unicode-xid v0.2.1
[INFO] [stderr]    Compiling maybe-uninit v2.0.0
[INFO] [stderr]    Compiling syn v1.0.39
[INFO] [stderr]     Checking either v1.6.0
[INFO] [stderr]    Compiling version_check v0.9.2
[INFO] [stderr]     Checking rand_core v0.4.2
[INFO] [stderr]    Compiling autocfg v0.1.7
[INFO] [stderr]     Checking scopeguard v1.1.0
[INFO] [stderr]     Checking slab v0.4.2
[INFO] [stderr]    Compiling serde_derive v1.0.115
[INFO] [stderr]    Compiling serde v1.0.115
[INFO] [stderr]    Compiling unicode-xid v0.0.3
[INFO] [stderr]     Checking itoa v0.4.6
[INFO] [stderr]    Compiling bitflags v0.5.0
[INFO] [stderr]    Compiling regex-syntax v0.6.18
[INFO] [stderr]     Checking adler v0.2.3
[INFO] [stderr]     Checking gimli v0.22.0
[INFO] [stderr]    Compiling openssl v0.10.30
[INFO] [stderr]    Compiling ryu v1.0.5
[INFO] [stderr]    Compiling failure_derive v0.1.8
[INFO] [stderr]    Compiling glob v0.2.11
[INFO] [stderr]     Checking try-lock v0.2.3
[INFO] [stderr]     Checking rustc-demangle v0.1.16
[INFO] [stderr]     Checking pnet_base v0.26.0
[INFO] [stderr]     Checking object v0.20.0
[INFO] [stderr]    Compiling serde_json v1.0.57
[INFO] [stderr]     Checking pnet_base v0.22.0
[INFO] [stderr]    Compiling native-tls v0.2.4
[INFO] [stderr]     Checking percent-encoding v2.1.0
[INFO] [stderr]     Checking openssl-probe v0.1.2
[INFO] [stderr]    Compiling encoding_rs v0.8.23
[INFO] [stderr]     Checking dtoa v0.4.6
[INFO] [stderr]    Compiling pnet v0.22.0
[INFO] [stderr]     Checking thread_local v1.0.1
[INFO] [stderr]    Compiling hashbrown v0.8.2
[INFO] [stderr]    Compiling indexmap v1.5.1
[INFO] [stderr]     Checking try_from v0.3.2
[INFO] [stderr]    Compiling syntex_pos v0.42.0
[INFO] [stderr]     Checking lock_api v0.3.4
[INFO] [stderr]    Compiling openssl-sys v0.9.58
[INFO] [stderr]     Checking rand_core v0.3.1
[INFO] [stderr]     Checking rand_jitter v0.1.4
[INFO] [stderr]    Compiling semver v0.9.0
[INFO] [stderr]     Checking miniz_oxide v0.4.1
[INFO] [stderr]    Compiling httparse v1.3.4
[INFO] [stderr]     Checking pnet_macros_support v0.22.0
[INFO] [stderr]    Compiling rand_pcg v0.1.2
[INFO] [stderr]    Compiling rand_chacha v0.1.1
[INFO] [stderr]    Compiling rand v0.6.5
[INFO] [stderr]    Compiling unicase v2.6.0
[INFO] [stderr]    Compiling error-chain v0.12.4
[INFO] [stderr]     Checking memchr v2.3.3
[INFO] [stderr]     Checking idna v0.1.5
[INFO] [stderr]     Checking idna v0.2.0
[INFO] [stderr]     Checking rand_xorshift v0.1.1
[INFO] [stderr]     Checking rand_hc v0.1.0
[INFO] [stderr]     Checking rand_isaac v0.1.1
[INFO] [stderr]     Checking crc32fast v1.2.0
[INFO] [stderr]     Checking iovec v0.1.4
[INFO] [stderr]     Checking net2 v0.2.34
[INFO] [stderr]     Checking pnet_sys v0.22.0
[INFO] [stderr]     Checking rand_os v0.1.3
[INFO] [stderr]     Checking dirs-sys v0.3.5
[INFO] [stderr]    Compiling log v0.3.9
[INFO] [stderr]    Compiling rustc_version v0.2.3
[INFO] [stderr]     Checking crossbeam-utils v0.7.2
[INFO] [stderr]     Checking memoffset v0.5.5
[INFO] [stderr]    Compiling aho-corasick v0.7.13
[INFO] [stderr]     Checking tokio-sync v0.1.8
[INFO] [stderr]     Checking want v0.2.0
[INFO] [stderr]     Checking base64 v0.10.1
[INFO] [stderr]     Checking smallvec v0.6.13
[INFO] [stderr]     Checking futures-cpupool v0.1.8
[INFO] [stderr]     Checking flate2 v1.0.17
[INFO] [stderr]     Checking bytes v0.4.12
[INFO] [stderr]     Checking dirs v2.0.2
[INFO] [stderr]    Compiling syntex_errors v0.42.0
[INFO] [stderr]     Checking url v1.7.2
[INFO] [stderr]     Checking mio v0.6.22
[INFO] [stderr]     Checking url v2.1.1
[INFO] [stderr]    Compiling quote v1.0.7
[INFO] [stderr]     Checking tokio-executor v0.1.10
[INFO] [stderr]     Checking crossbeam-epoch v0.8.2
[INFO] [stderr]     Checking crossbeam-queue v0.2.3
[INFO] [stderr]    Compiling parking_lot_core v0.6.2
[INFO] [stderr]    Compiling parking_lot v0.9.0
[INFO] [stderr]    Compiling hyper v0.12.35
[INFO] [stderr]     Checking tokio-io v0.1.13
[INFO] [stderr]     Checking http v0.1.21
[INFO] [stderr]     Checking string v0.2.1
[INFO] [stderr]     Checking tokio-buf v0.1.1
[INFO] [stderr]    Compiling syntex_syntax v0.42.0
[INFO] [stderr]    Compiling mime_guess v2.0.3
[INFO] [stderr]     Checking addr2line v0.13.0
[INFO] [stderr]     Checking tokio-timer v0.2.13
[INFO] [stderr]     Checking tokio-current-thread v0.1.7
[INFO] [stderr]     Checking cookie v0.12.0
[INFO] [stderr]     Checking crossbeam-deque v0.7.3
[INFO] [stderr]    Compiling regex v1.3.9
[INFO] [stderr]     Checking backtrace v0.3.50
[INFO] [stderr]     Checking tokio-threadpool v0.1.18
[INFO] [stderr]     Checking tokio-reactor v0.1.12
[INFO] [stderr]     Checking uuid v0.7.4
[INFO] [stderr]     Checking tokio-tcp v0.1.4
[INFO] [stderr]     Checking tokio v0.1.22
[INFO] [stderr]     Checking publicsuffix v1.5.4
[INFO] [stderr]     Checking http-body v0.1.0
[INFO] [stderr]     Checking h2 v0.1.26
[INFO] [stderr]    Compiling synstructure v0.12.4
[INFO] [stderr]     Checking hyper-tls v0.3.2
[INFO] [stderr]     Checking failure v0.1.8
[INFO] [stderr]    Compiling syntex v0.42.2
[INFO] [stderr]    Compiling pnet_macros v0.26.0
[INFO] [stderr]    Compiling pnet_packet v0.22.0
[INFO] [stderr]     Checking ipnetwork v0.14.0
[INFO] [stderr]     Checking serde_urlencoded v0.5.5
[INFO] [stderr]     Checking pnet_datalink v0.22.0
[INFO] [stderr]     Checking cookie_store v0.7.0
[INFO] [stderr]     Checking reqwest v0.9.24
[INFO] [stdout] error[E0599]: no method named `to_primitive_values` found for struct `pnet_base::MacAddr` in the current scope
[INFO] [stdout]    --> /opt/rustwide/target/debug/build/pnet_packet-f5d3df3ea4732340/out/ethernet.rs:442:24
[INFO] [stdout]     |
[INFO] [stdout] 442 |         let vals = val.to_primitive_values();
[INFO] [stdout]     |                        ^^^^^^^^^^^^^^^^^^^ method not found in `pnet_base::MacAddr`
[INFO] [stdout] 
[INFO] [stdout] 
[INFO] [stdout] error[E0599]: no method named `to_primitive_values` found for struct `pnet_base::MacAddr` in the current scope
[INFO] [stdout]    --> /opt/rustwide/target/debug/build/pnet_packet-f5d3df3ea4732340/out/ethernet.rs:499:24
[INFO] [stdout]     |
[INFO] [stdout] 499 |         let vals = val.to_primitive_values();
[INFO] [stdout]     |                        ^^^^^^^^^^^^^^^^^^^ method not found in `pnet_base::MacAddr`
[INFO] [stdout] 
[INFO] [stdout] 
[INFO] [stdout] error[E0599]: no method named `to_primitive_values` found for struct `pnet_base::MacAddr` in the current scope
[INFO] [stdout]    --> /opt/rustwide/target/debug/build/pnet_packet-f5d3df3ea4732340/out/arp.rs:776:24
[INFO] [stdout]     |
[INFO] [stdout] 776 |         let vals = val.to_primitive_values();
[INFO] [stdout]     |                        ^^^^^^^^^^^^^^^^^^^ method not found in `pnet_base::MacAddr`
[INFO] [stdout] 
[INFO] [stdout] 
[INFO] [stdout] error[E0599]: no method named `to_primitive_values` found for struct `pnet_base::MacAddr` in the current scope
[INFO] [stdout]    --> /opt/rustwide/target/debug/build/pnet_packet-f5d3df3ea4732340/out/arp.rs:874:24
[INFO] [stdout]     |
[INFO] [stdout] 874 |         let vals = val.to_primitive_values();
[INFO] [stdout]     |                        ^^^^^^^^^^^^^^^^^^^ method not found in `pnet_base::MacAddr`
[INFO] [stdout] 
[INFO] [stdout] 
[INFO] [stdout] error: aborting due to 4 previous errors
[INFO] [stdout] 
[INFO] [stdout] 
[INFO] [stdout] For more information about this error, try `rustc --explain E0599`.
[INFO] [stdout] 
[INFO] [stderr] error: could not compile `pnet_packet`.
[INFO] [stderr] 
[INFO] [stderr] To learn more, run the command again with --verbose.
[INFO] running `Command { std: "docker" "inspect" "f75266e2d8e9322791baa7d5a6c5e1646734ca1785becec1ada2657358396770", kill_on_drop: false }`
[INFO] running `Command { std: "docker" "rm" "-f" "f75266e2d8e9322791baa7d5a6c5e1646734ca1785becec1ada2657358396770", kill_on_drop: false }`
[INFO] [stdout] f75266e2d8e9322791baa7d5a6c5e1646734ca1785becec1ada2657358396770
